 - (-17)/3. Suppose u*l - 176 = 2*l. Let t = -29 + l. What is the tens digit of t?
1
Suppose 11*z + 15 = 14*z. Suppose -z*b + 225 = -220. What is the units digit of b?
9
Suppose -1072 = -23*y + 15*y. Let v = -19 + y. What is the hundreds digit of v?
1
Let w(o) = 5*o**3 - 2*o**2 - 11*o + 11. What is the units digit of w(4)?
5
Suppose -3*q + 94 = 1252. What is the tens digit of 2/(-6) - (q/6 - 0)?
6
Suppose 5*r = 5*g + 1215, -r + 136 = 5*g - 131. Suppose 2*u - 21 - r = 0. What is the hundreds digit of u?
1
Let n(f) = 63*f - 846. What is the units digit of n(25)?
9
Let m be ((-10)/2 - -6)/(2/174). Suppose -19 = 2*f - m. What is the tens digit of f?
3
Let p be ((-26)/(-2))/(28/532). Suppose -2*r = 35 - p. What is the units digit of r?
6
Suppose -415 = 4*x - 1411. What is the units digit of (-1)/(x/(-62) - -4)?
2
Suppose -49*z + 4*z + 101430 = 0. What is the units digit of z?
4
Let b be 40/32 + (-3)/(-4). Suppose -1 + 3 = 2*k, b*h - 2 = 4*k. What is the units digit of h?
3
Let j(k) = -k - 1. Let x(t) = t**2 - 6*t - 45. Suppose 3*m + 2*m + 2*c = 26, -m = -5*c - 16. Let l(b) = m*j(b) - x(b). What is the tens digit of l(0)?
3
Suppose -6*r = -4*r - 10. Suppose -2*y - i + r = 0, 0*i - 2*i - 8 = -5*y. Let w = y - -2. What is the units digit of w?
4
Suppose 12 + 42 = -3*y. Let h(k) = -3*k**2 + k - 2. Let d be h(2). What is the units digit of d/y*(-246)/(-4)?
1
Let a = 265 - -825. What is the units digit of a?
0
Suppose 3*p + 2*p = -40. Let f = 8 + p. Suppose 4*z - 219 = 3*m, f*z + 2*m = -z + 41. What is the units digit of z?
1
Let p(o) be the second derivative of 9*o**5/20 - o**4/4 + 5*o**3/6 - 5*o**2/2 + 21*o. What is the hundreds digit of p(3)?
2
Let y = 2085 - 605. What is the thousands digit of y?
1
Let s = 34 - 22. Let b(l) = -2*l + 0 + 3*l + 6. What is the units digit of b(s)?
8
Suppose 0 = 18*g - 14*g - 8696. What is the hundreds digit of g?
1
Suppose -2*l + 2*w - 353 = -w, -3*l - 3*w = 522. Suppose 10*s - 7*s + 306 = 0. Let z = s - l. What is the units digit of z?
3
Let p(c) = c**3 + 14*c**2 - 14*c + 17. Let g be p(-15). Suppose -14*r + g*r + 2052 = 0. What is the units digit of r?
1
Suppose 3*m - 110 = 3*z + 2*z, m = 3*z + 30. Let q = m - -239. What is the tens digit of q?
8
Let u be 169/(-4 + 1 + 2). Let f = -109 - u. What is the units digit of f?
0
Let g be -5 - -10 - (2 + 0). Suppose -5*o + 0*j + 338 = 3*j, -g*o - j + 202 = 0. What is the tens digit of o?
6
Let t(c) = 4*c**3 - 2*c**2 - 4*c - 3. Let a be t(-1). Let b(z) = 4*z**2 - 8*z - 1. What is the units digit of b(a)?
9
Suppose -j + 243 = 3*h - 1004, -4*j + h = -5040. What is the tens digit of j?
5
Suppose 0 = 5*f - 20 - 55. Suppose -f = -u - 0*u. Suppose -1 = 2*b - u. What is the units digit of b?
7
Suppose 3*d = -4*f + 1900, 3*f - 750 = 2*d - 1994. What is the tens digit of d?
2
Let l(k) = -k**3 + 9*k**2 - 3*k - 4. Suppose 4*b = 20 + 8. What is the tens digit of l(b)?
7
Let j = 305 - 241. What is the tens digit of j?
6
Let r = 5 - 8. Let t be -24*-1*(r + 4). Suppose -t = 3*n - 93. What is the tens digit of n?
2
Let h = 225 + 78. What is the hundreds digit of h?
3
Suppose 0 = 27*a - 10848 - 7647. What is the units digit of a?
5
Suppose 0*r + 10 = r. Suppose -15 = -20*i + 15*i. Suppose 4*k = -d + r, -k - 3*k + 46 = i*d. What is the units digit of d?
8
Let g(z) be the first derivative of 15*z**2/2 + 4*z + 6. Let a be g(4). Suppose j + 3*f - 12 = 0, 2*f + 0*f = -3*j + a. What is the tens digit of j?
2
Let k(g) = 2*g**3 - 5*g**2 - 6*g - 11. Let t(z) = -3*z**3 + 5*z**2 + 7*z + 11. Let x(i) = 4*k(i) + 3*t(i). What is the units digit of x(-5)?
4
Suppose -3*k - 1 = -5*x + 4, -2*x + 3*k = -2. Let j(t) = 70*t - 6. What is the tens digit of j(x)?
6
Suppose 5*u - 15 = -0*u. Suppose 45 = 2*t + u*d + 2*d, 3*t - 5*d = 55. What is the units digit of t?
0
What is the tens digit of 2*((-143480)/16)/(-17)?
5
Let o = -1046 - -1543. Let p = o - 293. What is the hundreds digit of p?
2
Let z(l) = 27*l**2 - 27*l + 155. What is the hundreds digit of z(14)?
0
Suppose 7*s - 241 = 74. What is the tens digit of s?
4
Let f(t) be the second derivative of 55*t**4/3 + t**3 - 5*t**2/2 - 3*t. What is the tens digit of f(1)?
2
Let n(u) = 31*u**2 + 8*u - 25. What is the hundreds digit of n(6)?
1
Let k(g) = -76*g**2 + 2*g - 7. Let h be k(4). What is the hundreds digit of 8/(-6)*h/6?
2
Let j(o) = o**3 + 1. Let r be j(1). Suppose -6*n + r*n = 0. Suppose -b = -n*b - 11. What is the units digit of b?
1
Suppose -1813 = -u + 3*r, 4*u + 0*u - 7272 = 2*r. What is the units digit of u?
9
Let y(f) = -f**3 - 2*f**2 - 4. Let q be y(-3). Let j = q - -4. Suppose 3*c = j, -5*c = x - 38 + 2. What is the units digit of x?
1
Let o = 4 + 6. Suppose -z = -o + 2. What is the units digit of z?
8
Let t = 217 - 178. What is the tens digit of t?
3
Let u(y) = -y**2 + y + 6. Let k be (-2)/12 + (-1)/(-6). Let s be u(k). Let g = 16 + s. What is the tens digit of g?
2
Let r be 8/(-2) + (-2 - -3). Let z(b) = -6*b - 12. Let u be z(-7). Let a = u + r. What is the units digit of a?
7
Let t = -650 + 1669. What is the hundreds digit of t?
0
Let m = 572 - -7. What is the units digit of m?
9
Suppose -9*p + 25 = -4*p. Suppose v = -4*m + 6*v - 9, -3*m + 37 = p*v. Suppose -2*l - 94 = -m*t + 3*l, -t + 2*l = -25. What is the units digit of t?
1
Let j = 70 + -28. Suppose 20*d - 15*d + 70 = 0. Let r = j + d. What is the tens digit of r?
2
Suppose 3*m - 1 - 5 = 0. Let j(s) = s**3 + s**2 - s + 4. Let t be j(0). Suppose 3*d - t*h - 28 - 40 = 0, -122 = -5*d - m*h. What is the units digit of d?
4
Let s = -4 + 1. Suppose 0 = 5*w - 15 + 210. What is the tens digit of w*s/((-18)/(-4))?
2
Let t(v) = v + 9. Let a be (8/10)/((-2)/15). Let q be t(a). Suppose 19 = q*b - 11. What is the tens digit of b?
1
Let b(t) = -9*t - 23*t + 7 + 3*t. What is the tens digit of b(-5)?
5
Let g = 8 + -6. Let z be (2 + -1)*26/g. Let t = 22 - z. What is the units digit of t?
9
Let z(b) = -74*b + 38. Let s be z(9). Let d = -305 - s. What is the tens digit of d?
2
Let k be (-1 - (-35)/21)*(-42)/(-4). Let g(a) = 35*a + 16. What is the hundreds digit of g(k)?
2
Suppose -67*x = -70*x + 1080. What is the units digit of x?
0
Let n(v) = v**3 - 9*v**2 + 81*v - 24. What is the thousands digit of n(11)?
1
Let a(j) = 10 - 152*j**2 + 4 + 153*j**2 - 4 + 27*j. What is the units digit of a(-28)?
8
Suppose 6 = x + 2*x. Let v(i) = i**2 + 3*i - 2. Let m be v(-5). Suppose f - c - m = -x*f, -12 = -f + 5*c. What is the units digit of f?
2
Let t(s) = -7*s**2 + 21*s - 13. Let i(m) = -20*m**2 + 63*m - 39. Let n(c) = 6*i(c) - 17*t(c). What is the units digit of n(16)?
7
Let m = -36 - -23. Let t = m + 59. What is the tens digit of t?
4
Let m = 1837 + -1049. What is the hundreds digit of (-8 - m)*2/(-8)?
1
Suppose -4*g - 20*w = -25*w - 4759, 3*g - 3603 = -3*w. What is the thousands digit of g?
1
Let b = -63 + 61. What is the units digit of 5/(20/12) + (-376)/b?
1
Suppose 0 = 3*v - 125 + 26. Let p = -16 + v. Let u = 47 - p. What is the tens digit of u?
3
Let w = 8295 - 4645. What is the thousands digit of w?
3
Suppose -5*j - 412*i = -416*i - 11511, -3*j = -i - 6908. What is the tens digit of j?
0
Suppose 0 = 8*v - 20*v + 3108. What is the tens digit of v?
5
Suppose -18*k = -10748 - 21904. What is the tens digit of k?
1
Let l(p) = -p**3 - 10*p**2 - 11*p - 11. Let d be l(-9). Suppose d*s = 12*s - 10. Suppose 0 = s*u - 4*u + 100. What is the units digit of u?
0
Suppose 0 = 4*o - 1993 - 551. What is the hundreds digit of o?
6
Let x(w) = 11*w**2 - 4*w - 3. Suppose 0 = 4*g + 8. What is the units digit of x(g)?
9
Let r(b) = 3*b**3 - 17*b**2 - 22*b + 37. What is the thousands digit of r(12)?
2
Let r be ((-19)/2)/((-1)/14). Suppose 0 = -2*u + 51 + r. Suppose 3*v + v = u. What is the tens digit of v?
2
Let p be (1/2)/(((-2)/(-164))/1). Suppose -p*i - 108 = -42*i. What is the units digit of i?
8
Let s(x) = -x + 88. What is the tens digit of s(28)?
6
Suppose 0*w + 6 = -2*w. What is the units digit of (0 + -3)/(-3)*(-39)/w?
3
Let h(y) = 146*y**2 + 3 - 2 - 5 - 3*y. What is the units digit of h(-1)?
5
Let u(s) = 63*s**2 - 8*s + 22. Let o be u(3). Suppose o = 9*m - 1244. What is the units digit of m?
1
Suppose 0 = -4*y - 85 + 33. Let t = y - -15. Let c(h) = h**3 - h**2 + h. What is the units digit of c(t)?
6
What is the units digit of 609*((